 0*w + 1/8*w**4. Calculate t(-2).
-4
Let t(l) be the second derivative of l**4/12 + l**3 - 2*l**2 + 2*l. Suppose -2*n = -0*n + 12. Determine t(n).
-4
Let b(n) = -n**2. Let k be b(0). Let p(j) = -j**2 + 3*j + 3*j - 4*j + k*j + 4. Calculate p(4).
-4
Let y(t) be the first derivative of t**2/2 + 6*t + 17. What is y(-5)?
1
Suppose 0 = 5*q - 2*m - 4 + 6, 2*q + 4*m - 4 = 0. Let y(w) be the first derivative of 1/4*w**4 + 1 + 0*w**2 + 1/3*w**3 + 8*w. Give y(q).
8
Let y(d) = 3*d + 1. Let m be y(-1). Let c be m/(-3) - 39/(-9). Let t(a) = 3*a + 7. Let l(n) = 2*n + 1. Let u(v) = -2*l(v) + t(v). Calculate u(c).
0
Let a(n) = n**3 + 7*n**2 + 4*n - 10. Let u be a(-6). Suppose -4*o + p + 15 = 0, 2*o = o - 4*p + 8. Let w(q) = -q**3 - o + 6 - 2*q + 3*q. Determine w(u).
-4
Let h(u) be the second derivative of -9*u**5/20 + u**4/6 - u**2/2 + 3*u. Calculate h(-1).
10
Let a be (12 + -11)/(2/4). Let o(b) = -b**3 + 2*b**2. What is o(a)?
0
Let g(l) = l**2 + 7*l + 10. Let b(m) = 1. Let s(z) = 6*b(z) - g(z). Let y(v) = -2*v + 2*v - v. Let p be y(5). Calculate s(p).
6
Let q(v) = -v**3 - 2*v + 0 + 0 + 4*v**2. Let r be q(2). Let j = r - 9. Let k(n) = -n**3 - 5*n**2 + 2*n + 3. Calculate k(j).
-7
Let m(l) = -5*l + 7 + 2*l - 4*l - 2*l + l**2. Give m(6).
-11
Let k(g) be the second derivative of -g**5/20 + g**4/3 + 3*g**2/2 - 5*g. Let h(d) = -d**2 - 3*d + 4. Let y be h(-3). Calculate k(y).
3
Let g = -1 - -3. Let u(c) = -2*c - 7. Let v be u(-5). Let s(y) = -g*y + 4 + 0 - v. Give s(1).
-1
Let n(i) = -i**3 + 5*i**2 - 2*i + 7. Let z(k) = -2*k + 25. Let q be z(10). What is n(q)?
-3
Let u be 2 - 3/(-6)*0. Let v(r) = 5*r + 4 + u*r - r - 5*r. Suppose 0 = b + 4. What is v(b)?
0
Suppose 4*g = 3*g + 1. Let p(z) be the first derivative of -g - 2*z**3 - 1/4*z**4 - z + 0*z**2. Give p(-6).
-1
Let u(c) be the first derivative of 11*c**3/3 - 5*c**2/2 - 9*c - 3. Let f(q) = -4*q**2 + 2*q + 3. Let m(o) = -8*f(o) - 3*u(o). Determine m(0).
3
Let l(r) = -r**3 - 5*r**2 + 4*r - 8. Suppose -4*s + 4*j = -28, -2*s - 7 = -0*s + 5*j. Let x(u) = 8 + 77*u - 80*u - 2. Let p be x(s). Determine l(p).
4
Suppose 0*y - 18 = -3*y. Let r(m) = -3*m + y*m**2 - 4*m**2 - 4 + 0*m**2. Determine r(3).
5
Let a = -1 - 11. Let y be 21/18 - (-2)/a. Let u(v) be the third derivative of v**4/12 + v**3/6 - v**2. Give u(y).
3
Suppose 3*d + 37 = -5*y + 9, -3*y = -3*d + 12. Let q(t) = -2*t**2 - 8*t - 7. What is q(y)?
-17
Let q(n) = n**2 + 2*n - 1. Let p be (-38)/10 + 6/(-30). Let g(k) = k + 1. Let i(d) = p*g(d) + q(d). Give i(4).
3
Let u(w) = w**2 + 7*w + 5. Let f be u(-6). Let a = 1 + f. Let j(k) = -k**2 + 5. Calculate j(a).
5
Let k(j) = -j + 2. Let c be k(0). Let d be 1/2 + 5/2. Let i(s) = -9*s**2 + d - 5 + 7*s**2 + 3*s. What is i(c)?
-4
Let s(x) = -x**3 + 3*x**2 + x - 3. Let q = -3 + 10. Suppose h - q + 4 = 0. Give s(h).
0
Let g(y) = y**2 - 3*y. Let w be g(3). Suppose -3*n + 22 = 4. Let k(q) = n - 5 - q**2 + w*q**3 - 6*q**3. Give k(1).
-6
Let b(d) = -3*d + 13. Let l be b(7). Let k(n) = -n**2 - 9*n - 6. What is k(l)?
2
Let r be (-1 - (-7)/2)*2. Let y(g) = -17*g + 3. Let h be y(-1). Suppose -r*v + 0*v = -h. Let n(c) = c**3 - 5*c**2 + c + 4. What is n(v)?
-8
Let z(m) = -4*m + 2*m + 6*m + 3 + 2. Calculate z(-5).
-15
Let g be 81/12 + (-3)/4. Suppose -3*z - 2*c = -g*z + 26, -z - 4*c - 10 = 0. Let q(r) = 6*r**2 - 1 - z*r**2 - r**3. Give q(-2).
7
Let w(v) = 7*v**3 + 3*v**2 - 8*v + 9. Let m(t) = t**3 - t + 1. Let o = 2 - 2. Suppose o = 2*j + 2 - 0. Let l(i) = j*w(i) + 6*m(i). What is l(-3)?
-9
Let c(r) = -4*r - 1. Let x(q) = -5 - 3*q + 5 + 4*q + 10. Let a be x(-8). Give c(a).
-9
Suppose 2 = g + 4. Let v(l) = -l**3 - 2*l**2 + l - 1. Calculate v(g).
-3
Let g = -74 + 68. Let m(p) be the third derivative of p**5/60 + p**4/3 + p**3/3 + p**2. What is m(g)?
-10
Let f(b) be the second derivative of b**3/6 + 5*b**2/2 + 3*b. Let j be 1 + 1 + -2 + 5. Suppose 0 = k + x + 10, j*k - 5*x - 5 = k. Calculate f(k).
0
Let t(j) = -j**2 + j - 2. Suppose 5*n - 18 = -o, 4*o + 6 = 2*o + 4*n. Calculate t(o).
-8
Let m(x) = -x**2 - 3*x + 7. Let t(k) = k**3 - 3*k**2 - 2*k + 3. Suppose -2*c + 0 = -4. Let r be t(c). What is m(r)?
-3
Let q(z) = -z**3 - 4*z**2 - 3*z + 4. Let u be q(-3). Suppose -2*p = -u*b + 2, -4*p - 2 = 3*b - 9. Let r(a) = a - 1. What is r(b)?
0
Let s(p) be the first derivative of p**4/4 - 7*p**3/3 + 4*p**2 - 5*p + 33. Calculate s(6).
7
Suppose -4*g + 11 + 21 = 0. Suppose -30 = -g*d + 13*d. Let m(h) = -5 + 3*h**2 - 4*h - 4*h**2 - 3*h. Determine m(d).
1
Suppose -3*t + t + 6 = 0. Let v(a) = a**2 - 6*a + 2. Let y be v(6). Let d(g) = 6*g**3 - y*g + 5 - 5*g**2 - 2*g**3 - 3*g**t. Give d(5).
-5
Let j be -3*1 + 2 + -2. Let u(s) = 4*s**3 + 5*s**2 - 5*s - 3. Let c(g) = -7*g**3 - 9*g**2 + 9*g + 5. Let n(k) = j*c(k) - 5*u(k). Determine n(-3).
-3
Let g(h) = -h - 2. Let c(t) = 2*t + 4. Let f(o) = 4*c(o) + 9*g(o). What is f(0)?
-2
Let x = -66 + 60. Let r(s) = s**2 + 8*s + 7. What is r(x)?
-5
Let o = -2 - -4. Suppose -5*d - 19 = o*n - 8, 0 = -n - 5*d - 13. Let s(i) be the second derivative of -i**3/2 + 3*i**2/2 - i. Calculate s(n).
-3
Let r be (4/3)/((-2)/(-6)). Let y(w) be the third derivative of -w**5/60 - 2*w**3/3 + 5*w**2. Let d(a) be the first derivative of y(a). Give d(r).
-8
Let f be 3*(8/6 - 0). Let l(t) = 2 + t**2 + 9 - 4*t - 14. Give l(f).
-3
Let l(d) = 12*d**2 + 3*d - 2. Let b be l(1). Let a = b - 13. Let u(t) = t**3 + t**2 - t + 7. What is u(a)?
7
Let v(d) = -d - 15. Let w = 8 - 8. Give v(w).
-15
Let g(i) = -i - 9. Let x be g(-5). Let t(f) = 3*f**3 - 3*f**2 + 9*f - 4. Let k(a) = 0*a - 1 + a + 5*a**3 - 4*a**3. Let q(b) = -4*k(b) + t(b). Determine q(x).
-4
Let m(o) = o**3 - 3*o**2 - 4*o + 2. Let f be (16/(-2))/((-12)/6). Give m(f).
2
Let f(a) = 9 + a + 2*a - 7 - a**2. Let i(u) = u**2 + u - 4. Let m be i(-3). Suppose 4 = 2*l - z, 4*z = -m*l + 4*l + 2. Give f(l).
2
Let p be 14/(-49) + 32/14. Let i(x) = -5*x**p + 2*x + x**3 - 1 + 7 + 0*x - 3. Determine i(4).
-5
Let y(p) = -p**2 + 9*p + 6. Let s(r) = -r**2 + r. Suppose 2*k + 0*k - 3*h = 11, 5*k + 5*h + 35 = 0. Let d(b) = k*s(b) + y(b). What is d(-5)?
-4
Suppose 0 = -135*z + 123*z + 36. Let o(v) = 3*v**2 + 4 - 2*v - v + 2*v. Let k(y) = -y**2 - 2. Let f(s) = 5*k(s) + 2*o(s). Determine f(z).
1
Let z be ((-1)/(-2) + (-6)/(-20))*-5. Let u(w) = -w**2 - 3*w + 2. What is u(z)?
-2
Let n(j) = j**3 + 3*j**2 + 2*j - 2. Let t(d) = 2*d - 18. Let b be t(8). Give n(b).
-2
Let h(q) be the second derivative of q**5/20 - q**4/3 + 5*q**3/6 - 2*q**2 + 10*q. Suppose -m = -5*k - 3, 3*m - 10 = k - 1. Give h(m).
2
Suppose 4*o - 10 = 2. Suppose j - o*g = 11, 3*j + 2*g - 1 = 2*j. Let i(v) = v**2 - 4*v + 3. Determine i(j).
8
Let y(n) = 2*n + 17. Let o(c) = 3*c + 26. Let g(p) = 5*o(p) - 7*y(p). Let z be g(-14). Let w(t) = 2*t + 1. Determine w(z).
-5
Let c(u) = -u. Let o be c(-4). Let y(z) = -4 - o*z + 0 + 5*z. Determine y(-4).
-8
Let o(t) = -2*t - 5. Let r(g) = 6*g + 14. Let c(i) = 17*o(i) + 6*r(i). Let k = -5 - -3. What is c(k)?
-5
Let u(t) = 36*t**3 - t**2 - 9*t + 7. Let i(a) = 18*a**3 - 4*a + 3. Let f(o) = -5*i(o) + 2*u(o). What is f(1)?
-19
Let s(v) = -v + 7*v**2 - 4*v**2 - 32*v**3 - 2*v. Let w(i) = 11*i**3 - i**2 + i. Let k(r) = 4*s(r) + 11*w(r). Calculate k(1).
-7
Let z be 4 - (4 - (2 + 1)). Let j(h) = h**3 - 3*h**2 - 2. Calculate j(z).
-2
Suppose -2*a + 11 - 1 = 0. Let t be (-3 - -2 - -2)*a. Let f(d) = 3*d**2 - d**3 + 7*d + 5 - 5*d**2 + 4*d**2 - t*d**2. Give f(-4).
-7
Let t(k) = -2*k**2 + 15*k + 26. Let y(o) = -o**2 + 8*o + 14. Let n(j) = -6*t(j) + 11*y(j). Calculate n(5).
13
Let v(u) = 5*u**2 - u**3 + 9*u + 4 - 8*u**2 - 3*u. Determine v(-4).
-4
Let i(u) = u - 2. Let z = 46 + -46. Give i(z).
-2
Let w(b) = -4*b - 5. Let t be w(-4). Suppose -3*s + 4*y - t = 0, 3*s - 5*y + 0*y + 10 = 0. Let f(q) = 2*q. Give f(s).
-10
Let u(j) = 7*j - 5. Let d(o) = -13*o + 9. Let p(f) = 6*d(f) + 11*u(f). Suppose 3*s = v + 4 + 3, 2*s + 4*v = 0. What is p(s)?
-3
Let a(p) = 3*p**3 - 2*p + 1. Let r be a(1). Let z be (0 - -2)*18/12. Let c(k) = 2 - 1 + k - z*k. Calculate c(r).
-3
Let c(d) be the third derivative of d**4/6 - 7*d**3/6 + 3*d**2. Give c(5).
13
Let a = -2 - -2. Suppose a*u + 2*u = 0. Let x(p) = p + 5. What is x(u)?
5
Let r(s) be the first derivative of 2*s**3/3 + 2*s**2 - s - 35. Determine r(3).
29
Let r(l) = -l - 3. Let z be 20/5*(-2)/4. What is 